 33886847 a composite number?
False
Is 132290157 prime?
False
Is 8102609 prime?
True
Is 401108861 a composite number?
False
Is 816888937 prime?
True
Is 371618021 a composite number?
True
Is 1003879 prime?
True
Is 358789589 a prime number?
True
Is 27825613 prime?
True
Is 10937801 prime?
False
Is 178457711 composite?
False
Is 451071581 a composite number?
False
Is 13061297 composite?
True
Is 57356419 prime?
False
Is 2544505 composite?
True
Is 1364527 prime?
False
Is 5731619 prime?
True
Is 6470691 a prime number?
False
Is 10747547 prime?
True
Is 56898271 prime?
True
Is 1767979 prime?
True
Is 432379 prime?
False
Is 732979 a composite number?
True
Is 31810799 a composite number?
False
Is 57082499 a composite number?
True
Is 9235649 composite?
False
Is 75847 prime?
False
Is 3764833 composite?
True
Is 1808243 prime?
True
Is 50169269 prime?
True
Is 130806527 prime?
True
Is 7395151 composite?
True
Is 2159701 a prime number?
True
Is 24028603 prime?
False
Is 5031217 a composite number?
False
Is 495798343 a prime number?
False
Is 2971537 a composite number?
False
Is 7166381 a composite number?
True
Is 747573991 a composite number?
True
Is 7098857 prime?
False
Is 8427031 composite?
False
Is 2527403 prime?
True
Is 101247137 composite?
False
Is 815799371 prime?
False
Is 6649267 prime?
True
Is 13365503 composite?
False
Is 33395539 a prime number?
False
Is 35124211 prime?
False
Is 16117951 composite?
True
Is 704617 a composite number?
False
Is 49635673 composite?
False
Is 313081 composite?
False
Is 76583103 a prime number?
False
Is 1545983 a prime number?
True
Is 1078471 prime?
True
Is 30970267 composite?
False
Is 29959693 a prime number?
False
Is 58223689 composite?
False
Is 611251 a composite number?
True
Is 833518709 a prime number?
True
Is 37957901 composite?
False
Is 63249751 a composite number?
False
Is 6264361 a composite number?
False
Is 1827583 prime?
True
Is 51846563 prime?
True
Is 5105215 prime?
False
Is 1980743 a composite number?
False
Is 169356973 prime?
True
Is 2228701 a prime number?
False
Is 33986399 a composite number?
True
Is 5025043 a prime number?
False
Is 15572441 a composite number?
True
Is 3612943 composite?
False
Is 543445951 composite?
True
Is 3917141 composite?
True
Is 35079649 a prime number?
False
Is 169259747 a prime number?
False
Is 4511051 a composite number?
False
Is 88722461 composite?
False
Is 66129926 prime?
False
Is 44384231 composite?
True
Is 876149 a prime number?
True
Is 236056409 a composite number?
False
Is 703794431 a composite number?
False
Is 77961029 a composite number?
False
Is 463707109 a prime number?
True
Is 16581113 composite?
False
Is 425136091 composite?
False
Is 1014270091 a composite number?
False
Is 2458481 a prime number?
True
Is 679597 composite?
False
Is 21350387 prime?
True
Is 25136759 composite?
False
Is 12277997 a composite number?
True
Is 1353307 composite?
True
Is 32821121 composite?
False
Is 11835367 prime?
False
Is 26944891 a composite number?
True
Is 5817937 a prime number?
True
Is 261011391 a composite number?
True
Is 53049827 prime?
False
Is 18591862 a composite number?
True
Is 2647069 prime?
False
Is 346714 a composite number?
True
Is 7291 composite?
True
Is 21723533 a prime number?
False
Is 7583431 composite?
False
Is 142801 prime?
False
Is 140393161 a composite number?
True
Is 90888467 a prime number?
True
Is 310568542 a prime number?
False
Is 6650465 a composite number?
True
Is 10928269 a prime number?
False
Is 1047721 a composite number?
False
Is 1357891 composite?
True
Is 378691 a composite number?
False
Is 18949258 composite?
True
Is 14646989 a composite number?
True
Is 10593679 composite?
False
Is 12061471 a composite number?
False
Is 319237 composite?
False
Is 59424545 prime?
False
Is 37656923 composite?
False
Is 3163879 prime?
True
Is 358248379 a prime number?
False
Is 50381129 composite?
True
Is 10659947 a composite number?
True
Is 11829893 prime?
True
Is 25930363 prime?
True
Is 625057 prime?
True
Is 188922047 a composite number?
True
Is 3272837 prime?
True
Is 28970881 a composite number?
False
Is 1306213 a prime number?
True
Is 154922731 prime?
False
Is 44363615 prime?
False
Is 264975377 prime?
False
Is 2692891 a prime number?
True
Is 70506551 a prime number?
False
Is 49472081 composite?
False
Is 8298911 prime?
True
Is 290926067 composite?
False
Is 945521 composite?
False
Is 27083899 prime?
False
Is 652667 a prime number?
True
Is 52734919 a prime number?
False
Is 6662729 a prime number?
False
Is 5062129 prime?
False
Is 526646243 composite?
False
Is 120491279 a composite number?
False
Is 706874087 a prime number?
False
Is 15284233 prime?
True
Is 14147797 a composite number?
False
Is 23018491 composite?
False
Is 84465245 a composite number?
True
Is 260890307 prime?
True
Is 7584755 composite?
True
Is 6472073 composite?
True
Is 2072503 a composite number?
True
Is 190855207 a prime number?
True
Is 4987303 composite?
False
Is 5123785 a prime number?
False
Is 434666501 prime?
True
Is 1972093 composite?
False
Is 6681557 prime?
True
Is 8554361 a composite number?
False
Is 1826369 prime?
False
Is 84488777 prime?
True
Is 58183441 prime?
False
Is 505777 prime?
True
Is 360388417 composite?
False
Is 24307737 a composite number?
True
Is 101573293 a composite number?
False
Is 599129035 a prime number?
False
Is 567373 a prime number?
False
Is 4307213 composite?
False
Is 1496483 prime?
False
Is 355541 prime?
True
Is 1209562 a composite number?
True
Is 36689749 composite?
False
Is 76141529 composite?
False
Is 132398621 composite?
False
Is 1831369 composite?
False
Is 150217 prime?
True
Is 2085037 prime?
True
Is 7904227 a composite number?
True
Is 153916723 a composite number?
False
Is 11487481 a composite number?
False
Is 5636431 composite?
True
Is 10370531 prime?
True
Is 10726477 a prime number?
True
Is 87331313 a prime number?
True
Is 74007607 a composite number?
False
Is 52190819 composite?
False
Is 28889129 a composite number?
False
Is 13461199 a prime number?
True
Is 1374311 prime?
True
Is 28422421 a composite number?
True
Is 225119 prime?
True
Is 102626537 prime?
False
Is 106264693 a composite number?
True
Is 26399047 prime?
True
Is 50119159 prime?
False
Is 23839709 a prime number?
False
Is 7697741 composite?
False
Is 6483023 a composite number?
True
Is 41267 prime?
False
Is 9029 prime?
True
Is 6346027 a prime number?
False
Is 3220211 prime?
True
Is 39877907 composite?
False
Is 6884419 a composite number?
True
Is 14756113 prime?
True
Is 14912137 prime?
True
Is 5843429 composite?
False
Is 2081041 composite?
True
Is 12199609 a prime number?
True
Is 100747529 a prime number?
False
Is 20119999 a prime number?
False
Is 7662307 prime?
True
Is 12261127 composite?
False
Is 964445791 prime?
True
Is 11245111 prime?
False
Is 3375951 a composite number?
True
Is 948551 a prime number?
True
Is 17630111 a prime number?
False
Is 40117741 a composite number?
False
Is 354727901 composite?
True
Is 5385433 a prime number?
False
Is 199884761 prime?
True
Is 7469303 composite?
False
Is 773890657 a prime number?
True
Is 4278223 prime?
True
Is 83944979 composite?
False
Is 416333 a composite number?
False
Is 1240831 a composite number?
False
Is 526549 prime?
False
Is 9315869 composite?
False
Is 1284497 prime?
False
Is 10111195 prime?
False
Is 11572195 a prime number?
False
Is 996993391 composite?
False
Is 51190063 a prime number?
True
Is 28622831 a prime number?
True
Is 4967549 prime?
True
Is 770717 prime?
False
Is 448783 prime?
False
Is 1741687 prime?
True
Is 238894723 a composite number?
True
Is 158891141 a prime number?
False
Is 49778027 a prime number?
False
Is 10465142 prime?
False
Is 1642343 a prime number?
False
Is 314958931 a prime number?
False
Is 1627309 prime?
True
Is 592585549 prime?
True
Is 173743589 a composite number?
True
Is 588913453 composite?
False
Is 5047859 composite?
True
Is 194291597 prime?
False
Is 121492433 prime?
True
Is 19244811 a prime number?
False
Is 4084303 a prime number?
True
Is 1465987 prime?
True
Is 58267189 prime?
True
Is 1783867 a composite number?
False
Is 6669503 composite?
False
Is 60057181 a prime number?
True
Is 79029161 composite?
False
Is 6793433 a prime number?
False
Is 340498133 composite?
False
Is 132179 composite?
True
Is 12941171 a composite number?
True
Is 63083573 